*2 + 2*y + 7. Let w(j) = -13*f(j) - 6*i(j). Let a = -327 - -325. Give w(a).
7
Let k be (-8 + -1)*(-26)/78. Let j(q) be the third derivative of 1/6*q**3 + 0*q + 8 + 1/12*q**4 - 1/30*q**5 - 2*q**2. Determine j(k).
-11
Let y(r) = 2*r**3 - 2*r**2 - 2*r. Let b(s) = 13*s**3 - 9*s**2 - 6*s + 12. Let x(m) = b(m) - 6*y(m). Determine x(-5).
-68
Suppose -140 = -64*b - 332. Let o(m) = 2*m**3 + 4*m**2 - 3*m - 5. Give o(b).
-14
Let o(u) = 64*u**2 + 5*u - 6. Let a(r) = -68*r**2 - 6*r + 7. Let n(w) = 5*a(w) + 6*o(w). Let c(p) = p**3 - 2*p**2 - 3*p + 1. Let z be c(3). Calculate n(z).
43
Let g(j) be the first derivative of j**4/4 - 2*j**3/3 + 5*j**2/2 - 4*j + 2130. Calculate g(2).
6
Suppose 9*o + 6 = 8*o. Let k = -8 + 9. Let b be k + o + -11 + 14. Let h(m) = -6*m. Determine h(b).
12
Let t(b) = b - 11. Let a = 38 - 32. Let z be t(a). Let q(g) = -g**3 - 5*g**2 + 2. What is q(z)?
2
Let o(p) = p**3 - 11*p**2 + 11*p - 8. Let s be o(10). Let r(v) = 4*v. Let y(l) = l**2 - l - 1. Let x(u) = s*y(u) + r(u). Suppose -3*i + 7*i = 8. Calculate x(i).
10
Let v(b) = 33*b**2 + 63 - 310*b**3 + 153*b**3 + 5*b + 156*b**3 + 27*b. Calculate v(34).
-5
Let k(x) = x**3 - 10*x**2 - 2*x + 22. Let l = -116 - -186. Suppose 34*v - l = 27*v. Calculate k(v).
2
Let k(b) = 3*b**2. Let s(q) = 4*q**2 - 2*q + 1. Let p(x) = -x. Let n(i) = 3*p(i) - s(i). Let t be (-1)/2*88/11. Let m(f) = t*n(f) - 5*k(f). Give m(-4).
4
Let x(s) = s**2 - 5*s - 206. Let d be x(17). Let k(m) = -8*m**2 - 6*m + 1. Determine k(d).
-19
Let t(u) = u**3 - 6*u**2 + u + 4. Let w(x) = 4*x - 7. Let f(a) = -a**3 + 5*a**2 - 2. Let i be f(5). Let p be 32/8 + 2/i. Let h be w(p). Give t(h).
-16
Let f(d) = 17*d**2 - 5*d - 2. Suppose -94 + 184 = 45*g. What is f(g)?
56
Let l(g) be the third derivative of -g**5/60 + g**4/8 - 8*g**3/3 + 1323*g**2. Calculate l(-5).
-56
Let i(w) be the third derivative of -17*w**5/15 - 5*w**4/24 + w**3 - 3096*w**2 - 2*w. Give i(1).
-67
Suppose 0 = 3*u + u + 5*r + 571, 5*u - r = -750. Let l = u + 158. Let c(v) = -v**2 + 9*v + 2. Determine c(l).
2
Let l = 694 + -681. Let p(v) = 6 + l - v**3 - 7*v - 24 + 7*v**2. Let k = -1 + 7. What is p(k)?
-11
Let j(r) = -3*r - 6. Suppose 5*c + 5*n = -430, -2*n - 3*n = 2*c + 172. Let a = 135 + c. Suppose -z - a = 6*z. Give j(z).
15
Let r(i) = i**2 + 32*i + 56. Let q be r(-30). Let f(m) = -m**3 - 4*m**2 + 3*m - 3. Give f(q).
-15
Let z(o) = 3*o**3 - 9*o**2 + 7*o + 4. Let s(j) = -2*j**3 - j**2 + 3. Let k(p) = 2*s(p) + z(p). Determine k(-12).
70
Let f(k) = -k**2 + 9*k + 5. Let g(r) = r**2 + 10*r + 7. Let z(v) = -3*f(v) + 2*g(v). Let x(o) = 3*o**2 - 5*o. Let d(j) = 3*x(j) - 2*z(j). Give d(4).
-18
Let j(y) = 18*y**3 - 3*y - 44 + 0 - 19*y**3 - 8*y**2 - 10*y**2. Calculate j(-18).
10
Suppose u = -4*l + 103, 2*u + u - 39 = -2*l. Let a = -15 + l. Let p be (a - 13)*(0 - -4). Let z(q) = -q**2 - 6*q - 3. Give z(p).
5
Let c = -842 - -830. Let j(y) = -y**3 - 12*y**2 + y + 13. What is j(c)?
1
Let t(g) = 52*g + 3451. Let d be t(-66). Let h(c) = -6*c + 116. What is h(d)?
2
Let v(x) = -x**3 + 54*x**2 - 44*x - 474. Let f be v(53). Let z(h) = 5*h - h - 2*h. Determine z(f).
6
Let j(y) = -718*y - 1127*y + 27 + 1833*y - y**2. What is j(-9)?
54
Suppose 14*d = 58 + 12. Let p(c) = 3*c**3 - 22*c + 16*c - 8*c**2 + 14*c - d - 2*c**3. What is p(6)?
-29
Suppose -2*m + 140 = 126. Let w(a) = 7411*a**2 + a**3 + 5*a - m*a - 7411*a**2 - 3. Calculate w(-2).
-7
Let t(j) = j**3 + 6*j**2 + 8*j + 5. Let f be t(-3). Let y(a) be the third derivative of -4*a**2 + 2/3*a**3 + 0 - 1/60*a**5 + 0*a + 7/24*a**4. Determine y(f).
-4
Let i(v) be the third derivative of v**5/6 - v**4/24 + 6*v**2. Let x = 13843 - 13842. Give i(x).
9
Suppose -4*j + 3*f - 68 = 2*f, 0 = -5*j - 7*f - 151. Let g(d) = 2*d + 36. Give g(j).
-2
Let z = -126 + 131. Suppose -z*i - 2*j = -5*j + 5, 14 = -3*i + 4*j. Let h(q) = 5 + 4*q**i - 13*q - 3*q**2 + 12 - 3. Determine h(12).
2
Let z(i) = -3*i**3 + 2*i**2 - 3*i. Let t = 1212 + -1210. What is z(t)?
-22
Suppose 886*x - 778*x = 864. Let z(o) = 3*o**2 + 14*o + 11. Let v(y) = 2*y**2 + 7*y + 5. Let q(b) = 5*v(b) - 3*z(b). What is q(x)?
0
Let u be 4/10 - 387/(-45). Let k(h) be the second derivative of h**3/3 - 5*h**2 + 3*h - 57. Calculate k(u).
8
Suppose -l + 303*a - 308*a - 6 = 0, -a = -l - 6. Let t(f) be the third derivative of f**6/120 + 7*f**5/60 + 7*f**4/24 + 7*f**3/6 + 2*f**2. Give t(l).
1
Let h(i) = i**2 + 12*i + 15. Let l be (20/(-25) + (-84)/45)*180. Let k be (7/3 + -1)/(64/l). Determine h(k).
-5
Let w(h) = 5*h - 37. Let j(v) be the first derivative of v**2/2 - 9*v + 16. Let o(t) = -9*j(t) + 2*w(t). Let k = -50 + 59. Give o(k).
16
Let n(x) = 2*x**3 - 6*x**2 + 4*x - 8. Let m(w) = -w**3 - 31*w**2 + 31*w - 28. Let t be m(-32). Determine n(t).
40
Suppose -12 = 2*q + 6*n - 2*n, -2*q + 3*n = -23. Suppose 2*f = -3*g + 21, 4*g = 5*f + 1 + q. Let d(j) = 3*j - 4. Determine d(f).
5
Let c(z) be the first derivative of 10*z**3/3 - 2*z**2 + z + 842. What is c(-2)?
49
Let k(s) = s**2 + 3*s - 3. Let d(i) be the first derivative of i**3/3 - i**2/2 + 2*i - 17. Let m(p) = -2*d(p) - k(p). Calculate m(2).
-15
Let i(b) = -27*b - 143. Let s(m) = -2*m**2 - 56*m - 155. Let f be s(-25). Calculate i(f).
-8
Let g be (-105)/((-108)/32 + 3). Let z = g - 279. Let f(o) = -17*o**3 + 2*o - 1. Calculate f(z).
-16
Let n(i) = 7*i - 22. Suppose -5*s + 40 = 87*v - 82*v, 2*v = -5*s + 34. Calculate n(s).
20
Let r(n) = 491*n - 3443. Let s be r(7). Let p(y) = -y**2 + 4*y + 10. Determine p(s).
-50
Let w(m) = -7*m**2 + 290*m + 19 - 20 - 293*m. What is w(-1)?
-5
Let f(m) be the second derivative of m**4/12 - m**3 - 19*m**2/2 - 29*m + 71. Determine f(6).
-19
Let z(j) = j**2 + 4 + 6*j + 4*j - 26*j + 6*j + j. Determine z(9).
4
Let y(m) be the first derivative of m**3/3 + m**2/2 - 4*m - 1. Suppose 2*h - 4*h - 5*x = -162, 182 = 2*h - 5*x. Let p = 82 - h. Calculate y(p).
8
Let g(a) be the first derivative of a**5/3 - a**4/24 + 53*a**2/2 - 51. Let r(m) be the second derivative of g(m). Determine r(-1).
21
Let s(r) = -3*r**3 - 2*r**2 + 1. Let x be (4 + -3 - 4)*-19. Let i be (-2)/(-3) - (-1056)/(-18). Let j = i + x. Calculate s(j).
2
Let h(u) = 5*u**2 + 64*u - 13. Let k be h(-13). Let a(y) = -y**3 - 4*y**2 - y - 8. Give a(k).
-8
Let w(b) be the first derivative of 2*b**3/3 - 3*b**2 + 4*b + 21. Let x = 11 - -9. Suppose 0 = -5*f + 3*o + 20, -6*f + 4*o + x = -f. What is w(f)?
12
Suppose 2*h + 8 = 6*h. Let x(g) be the first derivative of -40 + 16 + g**h + 18 + 7*g. Calculate x(-5).
-3
Let w(f) = 21*f**3 + f**2 - f + 1. Let c(v) = v**2 - 9*v - 9*v**2 + 19*v - 2*v**3. Let h be c(-5). Suppose -3 - 7 = -4*s + 2*b, 5*s + 4*b + 7 = h. Give w(s).
22
Let c(s) = -s**2 - 5298*s**3 - 2*s + 4*s**2 + 5299*s**3 - 2. Let u be -1 + 2 - (-5 - -1). Suppose -2*l + 4*w + 2 = 0, -4*l = -l - u*w - 1. Determine c(l).
4
Let w(d) = 262338 - 262202 + 6*d - 2*d. Calculate w(-34).
0
Let k(y) be the second derivative of -9*y**5/20 + y**4/6 - y**3/3 + y**2/2 + 4*y + 14. Let r(f) = f**3 + 11*f**2 + 24*f + 1. Let g be r(-3). What is k(g)?
-8
Let f(q) = -14*q**2 - 2*q**2 + 24 + 4*q + 14*q**2. What is f(5)?
-6
Let h(r) be the third derivative of r**5/60 - r**4/3 + 3*r**3/2 - 2536*r**2. Let z(s) = 2*s**2 + 2*s - 3. Let f be z(2). What is h(f)?
18
Suppose -1095*d - 22 = -1093*d. Let x(o) = -o**3 - 8*o**2 + 29*o - 48. Determine x(d).
-4
Let k(t) = -t**2 + t - 8. Let v(c) = -c - 1. Let a(l) = -k(l) + 5*v(l). Suppose 611 = 9*u - 11*u - o, u = -5*o - 310. Let x = u - -310. Calculate a(x).
-2
Let u = -7239 + 7243. Let c(n) = -7*n + 5. Give c(u).
-23
Let b(r) be the second derivative of -1/10*r**5 - 3/2*r**2 - 2 + 5/6*r**3 + 1/4*r**4 - 8*r. Give b(3).
-15
Let n = 30438 - 30427. Let a(s) = -2 + 0 + s + 0. Calculate a(n).
9
Let g(z) be the second derivative of -5*z**3/3 - 71*z**2 + 2*z + 450. Determine g(-14).
-2
Let w(x) = -2*x + 1. Let q(o) = 2*o**2 - 23. Let g be q(-5). Let k(d) = 4*d - 112. Let b be k(g). Give w(b).
9
Let b(d) = -5*d**3 - 4*d**2 - 6*d - 11. Let o(n) = 18*n**3 + 11*n**2 + 17*n + 42. Let x(l) = -7*b(l) - 2*o(l). Suppose 3*a - 7 = 2*a. Determine x(a).
0
Let k(g) = -g**3 - 6*g**2 - g + 1. Let b(l) = -17*l - 165. Let x be b(-10). Suppose 4*a = -q - 17 - 7, -30 = x*a + 4*q. What is k(a)?
7
Let k be (13 - (-6 + 15)) + (-2)/2. Let v(b) be the second derivative of -3/2*b**2 - b**k + 0 + 10*